{"id":177,"date":"2026-03-13T11:01:37","date_gmt":"2026-03-13T10:01:37","guid":{"rendered":"https:\/\/bizikidetu.com\/?page_id=177"},"modified":"2026-03-13T11:02:18","modified_gmt":"2026-03-13T10:02:18","slug":"aviso-legal","status":"publish","type":"page","link":"https:\/\/bizikidetu.com\/eus\/aviso-legal\/","title":{"rendered":"Aviso legal"},"content":{"rendered":"<style>.wp-block-kadence-advancedheading.kt-adv-heading177_07256a-64, .wp-block-kadence-advancedheading.kt-adv-heading177_07256a-64[data-kb-block=\"kb-adv-heading177_07256a-64\"]{margin-top:30px;font-style:normal;}.wp-block-kadence-advancedheading.kt-adv-heading177_07256a-64 mark.kt-highlight, .wp-block-kadence-advancedheading.kt-adv-heading177_07256a-64[data-kb-block=\"kb-adv-heading177_07256a-64\"] mark.kt-highlight{font-style:normal;color:#f76a0c;-webkit-box-decoration-break:clone;box-decoration-break:clone;padding-top:0px;padding-right:0px;padding-bottom:0px;padding-left:0px;}.wp-block-kadence-advancedheading.kt-adv-heading177_07256a-64 img.kb-inline-image, .wp-block-kadence-advancedheading.kt-adv-heading177_07256a-64[data-kb-block=\"kb-adv-heading177_07256a-64\"] img.kb-inline-image{width:150px;vertical-align:baseline;}<\/style>\n<h1 class=\"kt-adv-heading177_07256a-64 wp-block-kadence-advancedheading\" data-kb-block=\"kb-adv-heading177_07256a-64\">Aviso legal<\/h1>\n\n\n\n<p>Nombre: Bizikidetu SLL<br>CIF\/NIF: B56931538<br>Direcci\u00f3n: CL\/URIBITARTE, 6, 48001 BILBAO (Bizkaia)<br>Nombre de dominio: bizikidetu.com<\/p>\n\n\n\n<p>1.- Usuarios: El acceso a y\/o uso del sitio Web de Bizikidetu SLL, (en adelante bizikidetu.com) atribuye a quien lo realiza la condici\u00f3n de usuario, aceptando, desde ese mismo momento, plenamente y sin reserva alguna, las presentes condiciones generales, as\u00ed como las condiciones particulares que, en su caso, complementen, modifiquen o sustituyan las condiciones generales en relaci\u00f3n con determinados servicios y contenidos del sitio Web.<\/p>\n\n\n\n<p>2.- Uso del sitio Web, sus servicios y contenidos: El usuario se compromete a utilizar el sitio Web y sus servicios y contenidos sin contravenir la legislaci\u00f3n vigente, la buena fe, los usos generalmente aceptados y el orden p\u00fablico. As\u00ed mismo, queda prohibido, el uso de la Web con fines il\u00edcitos o lesivos contra bizikidetu.com o cualquier tercero, o que, de cualquier forma, puedan causar perjuicio o impedir el normal funcionamiento del sitio Web. Respecto de los contenidos (informaciones, textos, gr\u00e1ficos, archivos de sonido y\/o imagen, fotograf\u00edas, dise\u00f1os, etc.), se proh\u00edbe:<\/p>\n\n\n\n<ul class=\"wp-block-list\">\n<li>Su reproducci\u00f3n, distribuci\u00f3n o modificaci\u00f3n, a menos que se cuente con la autorizaci\u00f3n de sus leg\u00edtimos titulares o resulte legalmente permitido.<\/li>\n\n\n\n<li>Cualquier vulneraci\u00f3n de los derechos de bizikidetu.com o de sus leg\u00edtimos titulares sobre los mismos.<\/li>\n\n\n\n<li>Su utilizaci\u00f3n para todo tipo de fines comerciales o publicitarios, distintos de los estrictamente permitidos.<\/li>\n\n\n\n<li>Cualquier intento de obtener los contenidos del sitio Web por cualquier medio distinto de los que se pongan a disposici\u00f3n de los usuarios as\u00ed como de los que habitualmente se empleen en la red, siempre que no causen perjuicio alguno al sitio Web de bizikidetu.com.<\/li>\n<\/ul>\n\n\n\n<p>3.- Modificaci\u00f3n unilateral: bizikidetu.com podr\u00e1 modificar unilateralmente y sin previo aviso, siempre que lo considere oportuno, la estructura y dise\u00f1o del sitio Web, as\u00ed como modificar o eliminar, los servicios, los contenidos y las condiciones de acceso y\/o uso del sitio Web.<\/p>\n\n\n\n<p>4.- Hiperenlaces: Aquellos sitios web que establezcan hiperenlaces (\u201chyperlinks\u201d) con las p\u00e1ginas del presente sitio web de bizikidetu.com deber\u00e1n abstenerse de reproducir dichas p\u00e1ginas. Quedan expresamente prohibidos los enlaces marco, los enlaces profundos y los enlaces de imagen o cualquier otros que puedan atentar contra los derechos propietarios de bizikidetu.com, tales como ser\u00edan la competencia desleal, la publicidad il\u00edcita, los derechos de propiedad intelectual e industrial, los derechos de imagen, el honor, y la reputaci\u00f3n comercial o similares. Igualmente, deber\u00e1n abstenerse de utilizar signos distintivos, nombres comerciales, r\u00f3tulos, informaciones o cualquier otro contenido propio del sitio web, salvo la indicaci\u00f3n que forme parte del propio enlace (\u201clink\u201d) y siempre que ello est\u00e9 amparado legal y\/o contractualmente, por ejemplo bajo nuestra pol\u00edtica de marca, especialmente, en los casos de confusi\u00f3n o asociaci\u00f3n. Lo anterior se hace extensivo a su uso como metaetiquetas, palabras clave o similares, incluido su uso espec\u00edfico en buscadores. En ning\u00fan caso se podr\u00e1 dar a entender ni declararse que bizikidetu.com ha autorizado, interviene, asume, participa o ha supervisado en forma alguna los contenidos de la p\u00e1gina en la que figure el hiperenlace, metaetiqueta, palabra clave o similares, ni tan siquiera que consiente la propia inclusi\u00f3n de \u00e9stos, salvo autorizaci\u00f3n expresa.<\/p>\n\n\n\n<p>5.- Exclusi\u00f3n de Garant\u00edas y responsabilidad: bizikidetu.com, no otorga ninguna garant\u00eda ni se hace responsable, en ning\u00fan caso, de los da\u00f1os y perjuicios de cualquier naturaleza que pudieran traer causa de:<\/p>\n\n\n\n<ul class=\"wp-block-list\">\n<li>La falta disponibilidad, mantenimiento y efectivo funcionamiento de la Web y\/o de sus servicios o contenidos.<\/li>\n\n\n\n<li>La falta de utilidad, adecuaci\u00f3n o validez de la Web y\/o de sus servicios o contenidos para satisfacer necesidades, actividades o resultados concretos o expectativas de los usuarios.<\/li>\n\n\n\n<li>La existencia de virus, programas maliciosos o lesivos en los contenidos.<\/li>\n\n\n\n<li>La recepci\u00f3n, obtenci\u00f3n, almacenamiento, difusi\u00f3n o transmisi\u00f3n, por parte de los usuarios, de los contenidos.<\/li>\n\n\n\n<li>El uso il\u00edcito, negligente, fraudulento, contrario a las presentes Condiciones Generales, a la buena fe, a los usos generalmente aceptados o al orden p\u00fablico, del sitio Web, sus servicios o contenidos, por parte de los usuarios.<\/li>\n\n\n\n<li>La falta de licitud, calidad, fiabilidad, utilidad y disponibilidad de los servicios prestados por terceros y puestos a disposici\u00f3n de los usuarios en el sitio Web.<\/li>\n\n\n\n<li>El incumplimiento por parte de terceros de sus obligaciones o compromisos en relaci\u00f3n con los servicios prestados a los usuarios a trav\u00e9s del sitio Web.<\/li>\n<\/ul>\n\n\n\n<p>6.- Duraci\u00f3n: La duraci\u00f3n de la prestaci\u00f3n del servicio del sitio Web y de los servicios es de car\u00e1cter indefinido. Sin perjuicio de lo anterior, se reserva el derecho para, interrumpir, suspender o terminar la prestaci\u00f3n del servicio de la Web o de cualquiera de los servicios que lo integran, en los mismos t\u00e9rminos que se recogen en la condici\u00f3n tercera.<\/p>\n\n\n\n<p>7.- Propiedad Intelectual: A los efectos de preservar los posibles derechos de propiedad intelectual, en el caso de que cualquier usuario o un tercero considere que se ha producido una violaci\u00f3n de sus leg\u00edtimos derechos por la introducci\u00f3n de un determinado contenido en la Web, deber\u00e1 notificar dicha circunstancia a bizikidetu.com indicando:<\/p>\n\n\n\n<ul class=\"wp-block-list\">\n<li>Datos personales del interesado titular de los derechos presuntamente infringidos. Si la reclamaci\u00f3n la presenta un tercero distinto del interesado, deber\u00e1 indicar la representaci\u00f3n con la que act\u00faa.<\/li>\n\n\n\n<li>Indicaci\u00f3n de los contenidos protegidos por los derechos de propiedad intelectual y su ubicaci\u00f3n en la Web.<\/li>\n\n\n\n<li>Acreditaci\u00f3n de los citados derechos de propiedad intelectual.<\/li>\n\n\n\n<li>Declaraci\u00f3n expresa en la que el interesado se responsabiliza de la veracidad de las informaciones facilitadas en la notificaci\u00f3n. La legitimidad de los derechos de propiedad intelectual o industrial correspondientes a los contenidos aportados por terceros es de la exclusiva responsabilidad de los mismos.<\/li>\n<\/ul>\n\n\n\n<p>8.- Legislaci\u00f3n aplicable y Jurisdicci\u00f3n: Cualquier controversia relativa a los mismos se regir\u00e1 por la legislaci\u00f3n com\u00fan espa\u00f1ola, renunciando expresamente las partes al fuero que les corresponda, y someti\u00e9ndose a los Juzgados y Tribunales de la ciudad de Bilbao (Espa\u00f1a).<\/p>\n","protected":false},"excerpt":{"rendered":"<p>Aviso legal Nombre: Bizikidetu SLLCIF\/NIF: B56931538Direcci\u00f3n: CL\/URIBITARTE, 6, 48001 BILBAO (Bizkaia)Nombre de dominio: bizikidetu.com 1.- Usuarios: El acceso a y\/o uso del sitio Web de Bizikidetu SLL, (en adelante bizikidetu.com) atribuye a quien lo realiza la condici\u00f3n de usuario, aceptando, desde ese mismo momento, plenamente y sin reserva alguna, las presentes condiciones generales, as\u00ed como&#8230;<\/p>\n","protected":false},"author":1,"featured_media":0,"parent":0,"menu_order":0,"comment_status":"closed","ping_status":"closed","template":"","meta":{"_kad_blocks_custom_css":"","_kad_blocks_head_custom_js":"","_kad_blocks_body_custom_js":"","_kad_blocks_footer_custom_js":"","_kad_post_transparent":"","_kad_post_title":"","_kad_post_layout":"","_kad_post_sidebar_id":"","_kad_post_content_style":"","_kad_post_vertical_padding":"","_kad_post_feature":"","_kad_post_feature_position":"","_kad_post_header":false,"_kad_post_footer":false,"_kad_post_classname":"","editor_notices":[],"footnotes":""},"class_list":["post-177","page","type-page","status-publish","hentry"],"taxonomy_info":[],"featured_image_src_large":false,"author_info":{"display_name":"admin","author_link":"https:\/\/bizikidetu.com\/eus\/blog\/author\/admin\/"},"comment_info":0,"_links":{"self":[{"href":"https:\/\/bizikidetu.com\/eus\/wp-json\/wp\/v2\/pages\/177","targetHints":{"allow":["GET"]}}],"collection":[{"href":"https:\/\/bizikidetu.com\/eus\/wp-json\/wp\/v2\/pages"}],"about":[{"href":"https:\/\/bizikidetu.com\/eus\/wp-json\/wp\/v2\/types\/page"}],"author":[{"embeddable":true,"href":"https:\/\/bizikidetu.com\/eus\/wp-json\/wp\/v2\/users\/1"}],"replies":[{"embeddable":true,"href":"https:\/\/bizikidetu.com\/eus\/wp-json\/wp\/v2\/comments?post=177"}],"version-history":[{"count":3,"href":"https:\/\/bizikidetu.com\/eus\/wp-json\/wp\/v2\/pages\/177\/revisions"}],"predecessor-version":[{"id":180,"href":"https:\/\/bizikidetu.com\/eus\/wp-json\/wp\/v2\/pages\/177\/revisions\/180"}],"wp:attachment":[{"href":"https:\/\/bizikidetu.com\/eus\/wp-json\/wp\/v2\/media?parent=177"}],"curies":[{"name":"wp","href":"https:\/\/api.w.org\/{rel}","templated":true}]}}